-19)).
-16
What is (8 - 17) + 6 - 43 - (-10 + 2 - -5)?
-43
What is the value of -31 - ((10 - 158) + 38) - 1?
78
What is the value of (29 - -12) + -76 + 71 + (28 - -1)?
65
Evaluate 142 - 206 - -94 - 186.
-156
Calculate 786 - 787 - ((-1 - -6) + 131).
-137
Evaluate 12 - (195 - 201 - (0 + 3 - 46)).
-25
What is -10 - (6 + -10) - (68 + -45)?
-29
Evaluate -8 - ((12 - 2) + 0 + (-11 - -21)).
-28
-77 - ((14 - -26) + -9 - 32)
-76
-94 + -59 + 48 + -2 + 32
-75
What is the value of -26 - ((-12 - -63) + -119)?
42
Calculate 2 + (4 - 2) + (22 - (28 - -15)).
-17
What is the value of -12 - (4 - (8 - -18 - -66))?
76
What is -52 - -163 - (10 + 0) - (1 - (-26 - -12))?
86
What is 13 + 18 + -36 + -25 + 40?
10
What is the value of -3 + (27 - -5) + 9?
38
-41 + -85 + -279 + 364
-41
What is (50 + 0 - (24 + -15)) + (326 - 318)?
49
What is -82 + 47 + -71 + 110?
4
Evaluate (-17 + -5 - -1) + (-108 - -83).
-46
(7 - (-151 - -136 - (2 - 4))) + -10
10
-52 + (-27 - -1) + -26 + 44
-60
Calculate 59 + (-22 + -51 - 19).
-33
What is (58 - (-23 + (-12 - -18)) - 4) + 3?
74
What is the value of -9 + -1 + (9 + -2 + -17 - -28) - -22?
30
Calculate -64 + (19 - -54 - -37).
46
(-7 - (-5 - 50) - -5) + (-38 - -52)
67
What is (1 - 1 - -10) + -45 + 9 + (0 - 1)?
-27
-4 + -10 + (16 - 8) - (1 - 12)
5
Calculate 3 + (-35 - 100) - -58.
-74
Calculate 18 + -3 - ((-29 - 6) + 23).
27
933 - 909 - ((-3 - 3 - (1 - 2)) + 1)
28
What is -105 + 166 + -20 - 107?
-66
What is 25 + -13 + (-26 + -22 - -42) + (1 - 68)?
-61
What is the value of -63 - 0 - (1967 + -2009)?
-21
Evaluate 8 - ((0 - 35) + 125 + -131 + 14).
35
Calculate -45 + 65 + -40 - -155 - 17.
118
Evaluate -42 - -28 - (-7 - -6 - (109 - (1 + -8))).
103
What is the value of -663 + 620 - (1 - (4 + 13))?
-27
Calculate -56 + -1 - (-17 + (16 - (23 - (-5 - -19)))).
-47
What is the value of 5 + (20 - 9) + -53?
-37
Calculate (9 - -3) + -27 + (18 - -2) - 55.
-50
4 + 2 + -7 + (4 - -13) + -7 - 0
9
What is the value of 85 + 2 - (-1640 + 1679)?
48
What is the value of 21 + (-29 - -43) + (10 - 18)?
27
Evaluate (-14 - (-58 + 6)) + -19.
19
What is the value of 6 - (38 - (111 + -45))?
34
What is 63 - (39 - (58 - -15) - -22)?
75
What is the value of 0 - (68 - 54) - (-10 - -119)?
-123
-137 - ((102 - 85) + -53)
-101
-149 - -150 - (-19 + 50)
-30
What is -17 + 129 + -62 + -9?
41
19 + 26 + -24 - -37 - 18
40
Evaluate (-2509 - -2329) + (100 - -11).
-69
Evaluate ((10 - 32) + 13 + 13 + -3 - -27) + -7.
21
Calculate -61 + 65 + (29 - 113).
-80
Calculate -30 - (100 - 133) - (-1 - (57 + 1)).
62
Calculate 5 + 219 - (-1664 - -1779).
109
-585 + 579 + (-5 - ((18 - 13) + (-2 - 52)))
38
What is -188 + 179 - (-3 - -7)?
-13
Calculate 19 + 54 - -16 - 27.
62
Calculate 3 + 2 + -23 + -1 - 17.
-36
Evaluate (-21 + 0 - -6) + 22 + -3 + 54 - -6.
64
Evaluate (-13 - (-31 - -22)) + 1 - (-42 + 0).
39
What is the value of -1 + (0 - -26) + 222 + -203 + -3?
41
What is the value of -115 + -130 - -241 - (79 + -1 + -1)?
-81
What is the value of 32 - (9 + (-1 - -9) + -23) - -2?
40
Calculate (71 - (25 + (13 - 19))) + -16.
36
What is -36 - -9 - -24 - -54 - 29?
22
Calculate (-7 - (-1 + 4) - 1) + (-1038 - -1073).
24
105 - (453 + -203) - (-1 - 0 - -1)
-145
Calculate 23 + (23 - (35 - (31 + 12))).
54
(79 + -56 - (14 + 4 + -37)) + 1 + 3
46
What is -50 + 25 + 129 + (-11 - 0)?
93
Evaluate 14 + -25 + 10 + (-6 - -2) + 11.
6
What is -3 + 8 + (7 - 16) - (-24 - 20)?
40
18 + (-21 - ((-14 - -28) + -45))
28
11 + -47 + -2 + (-11 + -15 + 19 - -5)
-40
What is the value of 19 + (-10 - 99) - -34?
-56
Evaluate (-16 - (-5 - (5 + -12))) + (18 + 15 - 29).
-14
-6 - (103 + -73) - (14 - 0) - -19
-31
What is the value of 24 + (13 - 23) + 5 + 0 + 104?
123
What is the value of ((3 - 5) + 8 - -11) + (4 - -7)?
28
What is the value of -53 + 3 - (57 + -156 + 61)?
-12
What is (-197 - 46 - -109) + 128?
-6
What is (0 - (6 + 2) - (67 - (98 - 13))) + 12?
22
What is the value of (42 - -12) + (0 - 4) + -12 + 5?
43
5 + 10 - (1 + 41 + -16)
-11
Calculate -13 - -1 - 0 - (628 - 643).
3
Calculate -55 - (44 - 58 - -17).
-58
113 - (7 - 3) - (-11 + (-3 - -2 - -4))
117
Calculate 72 - 4 - (2 + 7 + 60 + -64).
63
What is the value of 98 - (46 + -1) - -33?
86
What is the value of (0 - 6) + (48 - (10 + -14) - (-6 + 24))?
28
Evaluate -28 + (-37 - -54 - 43) + -11 + 0.
-65
Calculate 24 - (2 + 19 - (-65 + 85)).
23
What is -48 + (-7 - (-10 + -46))?
1
0 + ((1 - -3) + 12 - 30) + (16 - 0)
2
What is the value of 8 + -35 + 133 + -15 - 29?
62
Calculate 7 - (77 + (1 + 4 - (-45 + (52 - 13)))).
-81
What is -9 - (-5 + -18 + 12 + -2 + 8 - -3)?
-7
Evaluate (45 - (3 - 0)) + 2 - (22 + -10).
32
What is the value of 8 + (-5 - (27 - (-30 + 10)))?
-44
Calculate -8052 - -8073 - (6 - 3 - -54).
-36
(-10 - (7 - 13)) + (15 - -3) - -91
105
(-9 - 1) + (5 - (59 + 32 + -20 + -24))
-52
Evaluate -11 + (6 - ((-11 - -6) + -5)) + -2 - -54.
57
Evaluate -49 - -70 - (4 - (-4 + 3 + -7)).
9
What is (-2 - -44) + 49 + 9 + -49?
51
(11 - (15 - 14) - 1) + -16 + 101
94
What is (12 - 7) + 7 - (-10 + (1 - 0) - -75)?
-54
3 + -14 - (-14 + 34 + -13)
-18
95 + (-23 - (20 - -10))
42
What is (9 - ((-6 - -14) + 13 + 8)) + -10 + -10?
-40
What is -2 + -68 + 65 + (51 - 2)?
44
What is the value of -10 + 1 + (-39 - (-110 - -54)) + -80?
-72
What is the value of (-115 - -139) + 41 - 119?
-54
What is 22 + 22 + -28 - (63 - 131)?
84
What is -4 + -2 - (10 - ((20 - 49) + 23))?
-22
What is the value of (33 + -28 - 57) + 11?
-41
Evaluate 17 - (55 - 43) - 42.
-37
(3 - 0 - 81) + (-20 - -62) + -58
-94
707 - 826 - (-21 - 65)
-33
What is -22 - (-10 + 6 + -1) - (-137 - -116)?
4
Calculate (-32 - 22 - 28) + 76.
-6
Calculate (7 - (20 - -22)) + 32.
-3
Evaluate (28 - 11) + (-8 + -24 - -48).
33
Evaluate 3 - 18 - (-282 - -228).
39
What is -105 + 17 + ((-10 - -39) + -6 - 17)?
-82
15 + (-118 - -41) + 22 + -5
-45
What is the value of 12 + (-6 - 11) - ((0 - -11) + -35)?
19
What is the value of -39 - -149 - (364 - 144)?
-110
What is the value of 3 + (-24 + -5 - -15) + -23 + -12?
-46
Evaluate -1 + 4 + (4 - ((75 - 0) + (-324 - -324))).
-68
80 + -2 + -2 + 3 + (42 - (15 + 32))
74
(-33 - -35) + -17 + 21
6
(14 - -2) + (34 - 85) - (-10 - -21)
-46
Evaluate (11 - (-17 - -24)) + 2 - -7 - 15.
-2
(-24 - (-10 + 16 + -33)) + 93
96
What is 24 + (-21 - 0) + 14 - -21?
38
What is the value of -3 - (-2 + -22 + 0 - 0) - (-3 + -6)?
30
What is (-39 - -37) + (3 - (81 - (5 - -7)))?
-68
Evaluate -56 + 26 + 48 + -57.
-39
-57 + (-11 - (5 - (6 + -3)) - -22)
-48
-7 + 15 + -14 + 17 + -7 - 6 - -1
-1
What is the value of 32 + (-56 - (-30 - -18))?
-12
Calculate 41 + -20 + -39 + 64.
46
Calculate -123 - -64 - -30 - -58.
29
-11 - (8 - 19) - (86 - (5 + -2 - -1))
-82
What is the value of 51 - 54 - (-2 + 0 - -37)?
-38
Calculate -53 - (-35 + (-57 - -70)).
-31
What is 140 - 129 - (4 - -1 - (-19 - -23))?
10
Evaluate -11 + 43 + -29 + 28 + -4.
27
Calculate (-57 - -29 - (-32 - -5)) + (1 - 53).
-53
Calculate -2 + (-21 - 0) + 3 - -21.
1
Evaluate 135 - (46 - (-7 + -28)).
54
What is the value of -23 + (22 - (54 + -16) - -8)?
-31
7 + (23 - 34) + 3 + (-3 - -9)
5
What is the value of -56 + (-1 + -2 - ((13 - 3) + -11))?
-58
Evaluate -124 - -139 - (1 + 1 + 7).
6
Evaluate (10 - 1) + 7 - (-9 - 9).
34
What is the value of (8829 - 8756) + (-1 - 0)?
72
What is 10 + (-5 + (36 - 13 - 9) - -28)?
47
Calculate -11 - (11 + (5 - -18) + -15).
-30
What is the value of -1 + (-5983 - -5983) + (1 - (-2 + 53)) + -2?
-53
Evaluate -7 - (253 - 313 - (-45 + -1)).
7
What is the value of 131 + (5 + 37 - 39) + -21 + -2?
111
(-83 - (-11 + -71)) + 2 + (-3 - -2)
0
-1 - 55 - (-1 - -3) - (26307 + -26307)
-58
What is 44 + 0 - (77 - 64 - (3 + 2 + 18))?
54
Calculate -6 - ((-73 - (3 + -8)) + -11 + 19).
54
What is the value of (-5 - -5 - 5) + (79 - 65) - -76?
85
Evaluate 13 - (-16 + 65 + 39 + 4).
-79
-1203 - -1230 - (-30 - (-3 - -3))
57
-25 - -49 - 28 - 43
-47
What is 220 + -24 + -73 - 61?
62
What is (44 + -49 - -10) + (-3 - -1)?
3
1 + (-3 + 4 + -11 + 0 + 6 - 7)
-10
What is 5 - -1 - (24 + 56)?
-74
What is the value of -9 - 17 - (-18 - ((-43 - -22) + 16))?
-13
What is (3 - 7) + 102 + -58 + 26?
66
What is 16 + -19 + (-10 + (0 - 1) - (-288 + 293))?
-19
-8 + 1 + -1 + (170 - 329 - -225)
58
Calculate -54 + 64 - (-2 - 13 - (25 - 41)).
9
Calculate (16 + 6 + -1 - 16) + 45 + 17.
67
6 + (0 + 86 + -1 - (-1822 - -1824))
89
Evaluate -1 + 12 + -14 + (6 - 138 - 